ite?
False
Is 13669 prime?
True
Is 7963 a composite number?
False
Is 1817741 composite?
True
Is 12761 prime?
False
Is 15959 prime?
True
Is 302399 prime?
True
Is 5963 prime?
False
Is 905 prime?
False
Is 4111 a prime number?
True
Is 200483 a composite number?
False
Is 52879 composite?
False
Is 9731 a prime number?
False
Is 3197 a prime number?
False
Is 283303 a composite number?
False
Is 158 a composite number?
True
Is 449057 a composite number?
True
Is 8689 composite?
False
Is 19769 a composite number?
True
Is 38543 composite?
False
Is 1753 a composite number?
False
Is 71243 composite?
True
Is 165287 prime?
True
Is 36739 prime?
True
Is 5079 composite?
True
Is 777097 a prime number?
True
Is 2761 a composite number?
True
Is 4601969 composite?
False
Is 579974 a composite number?
True
Is 1513381 a composite number?
False
Is 4391 a prime number?
True
Is 24653 composite?
True
Is 191647 composite?
True
Is 8114 prime?
False
Is 22181 a composite number?
True
Is 4714 prime?
False
Is 208723 prime?
False
Is 21143 composite?
False
Is 11081 a composite number?
True
Is 290354 composite?
True
Is 163937 a composite number?
True
Is 1101 a prime number?
False
Is 3749 composite?
True
Is 39779 prime?
True
Is 1824685 a prime number?
False
Is 3292969 composite?
False
Is 1186463 a prime number?
False
Is 872147 composite?
True
Is 17417 prime?
True
Is 176699 a composite number?
False
Is 1177 a prime number?
False
Is 1444043 a composite number?
False
Is 139813 composite?
False
Is 72299 composite?
True
Is 10243 prime?
True
Is 857881 prime?
False
Is 16201 a prime number?
False
Is 53002 a prime number?
False
Is 108938 prime?
False
Is 116771 prime?
False
Is 172969 a composite number?
False
Is 55343 a composite number?
False
Is 5777 a prime number?
False
Is 122381 a composite number?
True
Is 6469 a composite number?
False
Is 7349 prime?
True
Is 241747 a prime number?
False
Is 14783 composite?
False
Is 2749 composite?
False
Is 2330623 composite?
True
Is 8654 a composite number?
True
Is 206993 a composite number?
False
Is 994937 prime?
False
Is 103561 a prime number?
True
Is 200569 a prime number?
True
Is 57415 composite?
True
Is 79 prime?
True
Is 96533 a prime number?
False
Is 27011 composite?
False
Is 52237 a composite number?
False
Is 4673893 composite?
True
Is 182159 a composite number?
False
Is 36362 a composite number?
True
Is 21701 composite?
False
Is 257921 a composite number?
False
Is 43661 composite?
False
Is 7522 prime?
False
Is 756205 a prime number?
False
Is 70199 prime?
True
Is 33739 prime?
True
Is 480079 composite?
True
Is 24545 a composite number?
True
Is 49871 a composite number?
False
Is 2519329 a composite number?
False
Is 933299 a prime number?
False
Is 344321 a composite number?
False
Is 818813 composite?
False
Is 338627 a prime number?
False
Is 1582697 composite?
False
Is 205271 a prime number?
False
Is 11927 prime?
True
Is 1973005 a composite number?
True
Is 55073 prime?
True
Is 227407 composite?
False
Is 2609 composite?
False
Is 1943 composite?
True
Is 11243 a composite number?
False
Is 470329 a composite number?
True
Is 22199 a prime number?
False
Is 1535 a prime number?
False
Is 50663 composite?
True
Is 1196003 prime?
True
Is 1361 prime?
True
Is 293003 prime?
False
Is 22873 prime?
False
Is 16921 a composite number?
False
Is 301367 composite?
True
Is 6031 a composite number?
True
Is 10133 a prime number?
True
Is 104987 composite?
False
Is 963959 prime?
False
Is 116141 a prime number?
True
Is 47131 prime?
False
Is 6353 prime?
True
Is 61514 a composite number?
True
Is 43451 a composite number?
False
Is 11967 a prime number?
False
Is 64393 a composite number?
True
Is 473633 composite?
False
Is 11423 a composite number?
False
Is 2149 a composite number?
True
Is 23251 composite?
False
Is 60377 a prime number?
False
Is 27479 composite?
False
Is 829019 a composite number?
True
Is 164663 a composite number?
False
Is 137239 prime?
True
Is 78667 prime?
False
Is 1090639 prime?
False
Is 11015 prime?
False
Is 915391 a prime number?
True
Is 352967 a prime number?
False
Is 9274 composite?
True
Is 614 a prime number?
False
Is 4373 prime?
True
Is 130079 prime?
True
Is 1193 prime?
True
Is 138221 prime?
False
Is 10223 a prime number?
True
Is 1734541 a prime number?
False
Is 661987 a composite number?
False
Is 5303 prime?
True
Is 2507 a prime number?
False
Is 487889 a composite number?
False
Is 13799 prime?
True
Is 435467 composite?
True
Is 494191 prime?
True
Is 149735 prime?
False
Is 28961 composite?
False
Is 58537 a composite number?
False
Is 188677 a composite number?
False
Is 53113 prime?
True
Is 19561 a composite number?
True
Is 69086 composite?
True
Is 265781 a composite number?
False
Is 61127 a composite number?
True
Is 66617 a composite number?
False
Is 96953 a prime number?
True
Is 6731 a composite number?
True
Is 135631 prime?
False
Is 174223 prime?
False
Is 36493 prime?
True
Is 121405 a composite number?
True
Is 16847 composite?
True
Is 634943 prime?
True
Is 3127 a prime number?
False
Is 505889 a composite number?
True
Is 496049 prime?
False
Is 6131 a composite number?
False
Is 72683 a composite number?
True
Is 1115 composite?
True
Is 9221 a prime number?
True
Is 1409 a prime number?
True
Is 125591 a prime number?
True
Is 203117 a composite number?
False
Is 1253 composite?
True
Is 12187 prime?
False
Is 1901 a composite number?
False
Is 77711 composite?
False
Is 9533 a prime number?
True
Is 13235 composite?
True
Is 2617567 a prime number?
True
Is 25663 a composite number?
True
Is 1762489 a composite number?
True
Is 37747 prime?
True
Is 706 a composite number?
True
Is 10063 prime?
False
Is 17707 composite?
False
Is 20287 a composite number?
False
Is 743 composite?
False
Is 25073 composite?
False
Is 213069 a prime number?
False
Is 68702 a composite number?
True
Is 166861 a prime number?
True
Is 359837 a prime number?
True
Is 204101 prime?
True
Is 3383 composite?
True
Is 205607 composite?
False
Is 5647 a prime number?
True
Is 41443 a composite number?
False
Is 15685 a composite number?
True
Is 2719 composite?
False
Is 64513 prime?
True
Is 457931 composite?
True
Is 31765 prime?
False
Is 6333 composite?
True
Is 36779 composite?
False
Is 3989 prime?
True
Is 2410013 a prime number?
False
Is 70157 a composite number?
False
Is 1387 prime?
False
Is 537 a prime number?
False
Is 180907 composite?
False
Is 49363 a prime number?
True
Is 5793 prime?
False
Is 46993 composite?
False
Is 840293 a composite number?
True
Is 244661 prime?
False
Is 1909 composite?
True
Is 42221 a prime number?
True
Is 1657 composite?
False
Is 65089 a composite number?
False
Is 75629 a composite number?
False
Is 1471 a composite number?
False
Is 12743 prime?
True
Is 78123 composite?
True
Is 14509 prime?
False
Is 130238 a composite number?
True
Is 57053 composite?
True
Is 91779 composite?
True
Is 33559 prime?
False
Is 36721 a prime number?
True
Is 454823 a prime number?
True
Is 1167206 a prime number?
False
Is 36973 composite?
False
Is 15541 composite?
False
Is 70423 a prime number?
True
Is 181767 composite?
True
Is 479 prime?
True
Is 4987 composite?
False
Is 39821 composite?
False
Is 423139 prime?
False
Is 385613 composite?
True
Is 5218 a prime number?
False
Is 157393 a prime number?
True
Is 2897 a prime number?
True
Is 1961 a composite number?
True
Is 1509307 composite?
False
Is 28429 a composite number?
False
Is 23269 prime?
True
Is 3127 prime?
False
Is 2173243 prime?
True
Is 9019 a composite number?
True
Is 13223 prime?
False
Is 109741 a composite number?
False
Is 33707 composite?
True
Is 1669429 prime?
False
Is 29081 composite?
True
Is 8509 composite?
True
Is 81119 prime?
True
Is 280081 a composite number?
True
Is 135479 composite?
False
Is 5189 a composite number?
False
Is 1995107 prime?
True
Is 776317 a composite number?
False
Is 28157 a composite number?
True
Is 5403 a prime number?
False
Is 9073 prime?
False
Is 2276909 composite?
False
Is 130409 a prime number?
True
Is 13381 prime?
True
Is 942847 a composite number?
False
Is 22897 composite?
True
Is 42293 composite?
False
Is 146833 a prime number?
True
Is 4461 a prime number?
False
Is 2280209 prime?
False
Is 70373 a prime number?
True
Is 1397 prime?
False
Is 211193 a prime number?
True
Is 167051 prime?
True
Is 27842 composite?
True
Is 1747 